te the remainder when 2990 is divided by 34.
32
Calculate the remainder when 1272 is divided by 298.
80
Calculate the remainder when 720 is divided by 179.
4
Calculate the remainder when 131 is divided by 94.
37
Calculate the remainder when 4303 is divided by 105.
103
What is the remainder when 41206 is divided by 26?
22
What is the remainder when 15411 is divided by 14?
11
Calculate the remainder when 2805 is divided by 407.
363
What is the remainder when 1117 is divided by 474?
169
What is the remainder when 283 is divided by 74?
61
What is the remainder when 84 is divided by 36?
12
Calculate the remainder when 629 is divided by 81.
62
Calculate the remainder when 1332 is divided by 13.
6
Calculate the remainder when 752 is divided by 19.
11
What is the remainder when 530 is divided by 7?
5
Calculate the remainder when 67 is divided by 25.
17
Calculate the remainder when 1534 is divided by 170.
4
What is the remainder when 56 is divided by 20?
16
Calculate the remainder when 1597 is divided by 178.
173
What is the remainder when 1119 is divided by 17?
14
What is the remainder when 855 is divided by 13?
10
Calculate the remainder when 219 is divided by 36.
3
Calculate the remainder when 286 is divided by 29.
25
What is the remainder when 291 is divided by 14?
11
Calculate the remainder when 10 is divided by 3.
1
What is the remainder when 372 is divided by 178?
16
Calculate the remainder when 342 is divided by 63.
27
What is the remainder when 81 is divided by 44?
37
What is the remainder when 1531 is divided by 193?
180
Calculate the remainder when 22 is divided by 2.
0
What is the remainder when 5635 is divided by 1872?
19
Calculate the remainder when 139 is divided by 73.
66
What is the remainder when 3062 is divided by 26?
20
What is the remainder when 832 is divided by 153?
67
What is the remainder when 1513 is divided by 33?
28
What is the remainder when 450 is divided by 103?
38
Calculate the remainder when 1047 is divided by 15.
12
Calculate the remainder when 754 is divided by 5.
4
Calculate the remainder when 109 is divided by 28.
25
What is the remainder when 457 is divided by 20?
17
Calculate the remainder when 325 is divided by 62.
15
Calculate the remainder when 2742 is divided by 13.
12
Calculate the remainder when 334 is divided by 49.
40
Calculate the remainder when 161 is divided by 55.
51
Calculate the remainder when 114 is divided by 13.
10
What is the remainder when 988 is divided by 124?
120
What is the remainder when 596 is divided by 30?
26
Calculate the remainder when 201 is divided by 57.
30
Calculate the remainder when 996 is divided by 83.
0
Calculate the remainder when 1086 is divided by 522.
42
What is the remainder when 749 is divided by 15?
14
Calculate the remainder when 26 is divided by 5.
1
Calculate the remainder when 147 is divided by 144.
3
Calculate the remainder when 5854 is divided by 96.
94
What is the remainder when 370 is divided by 74?
0
Calculate the remainder when 435 is divided by 113.
96
Calculate the remainder when 149 is divided by 38.
35
What is the remainder when 2996 is divided by 149?
16
Calculate the remainder when 167 is divided by 2.
1
Calculate the remainder when 4702 is divided by 114.
28
Calculate the remainder when 426 is divided by 84.
6
What is the remainder when 14973 is divided by 416?
413
What is the remainder when 855 is divided by 4?
3
What is the remainder when 49 is divided by 13?
10
Calculate the remainder when 472 is divided by 27.
13
Calculate the remainder when 498 is divided by 24.
18
Calculate the remainder when 351 is divided by 44.
43
What is the remainder when 773 is divided by 255?
8
What is the remainder when 174 is divided by 25?
24
Calculate the remainder when 26 is divided by 7.
5
Calculate the remainder when 106 is divided by 18.
16
Calculate the remainder when 6381 is divided by 56.
53
Calculate the remainder when 56 is divided by 31.
25
Calculate the remainder when 1021 is divided by 21.
13
Calculate the remainder when 216 is divided by 60.
36
Calculate the remainder when 1632 is divided by 396.
48
Calculate the remainder when 263 is divided by 88.
87
Calculate the remainder when 102 is divided by 24.
6
What is the remainder when 134 is divided by 5?
4
What is the remainder when 3764 is divided by 57?
2
What is the remainder when 386 is divided by 44?
34
Calculate the remainder when 211 is divided by 73.
65
Calculate the remainder when 1839 is divided by 41.
35
What is the remainder when 113 is divided by 82?
31
Calculate the remainder when 89 is divided by 24.
17
What is the remainder when 387 is divided by 128?
3
What is the remainder when 1633 is divided by 39?
34
Calculate the remainder when 494 is divided by 46.
34
What is the remainder when 1772 is divided by 363?
320
What is the remainder when 1889 is divided by 62?
29
What is the remainder when 86 is divided by 30?
26
What is the remainder when 52 is divided by 3?
1
What is the remainder when 2059 is divided by 148?
135
What is the remainder when 5240 is divided by 23?
19
Calculate the remainder when 724 is divided by 121.
119
What is the remainder when 160 is divided by 120?
40
What is the remainder when 114 is divided by 50?
14
What is the remainder when 352 is divided by 59?
57
What is the remainder when 31 is divided by 5?
1
Calculate the remainder when 1812 is divided by 83.
69
What is the remainder when 3027 is divided by 278?
247
What is the remainder when 792 is divided by 66?
0
Calculate the remainder when 5 is divided by 4.
1
What is the remainder when 38 is divided by 8?
6
What is the remainder when 2276 is divided by 40?
36
Calculate the remainder when 1167 is divided by 22.
1
Calculate the remainder when 398 is divided by 21.
20
Calculate the remainder when 249 is divided by 184.
65
Calculate the remainder when 3902 is divided by 21.
17
What is the remainder when 350 is divided by 17?
10
What is the remainder when 212 is divided by 78?
56
Calculate the remainder when 198 is divided by 29.
24
Calculate the remainder when 498 is divided by 39.
30
Calculate the remainder when 2234 is divided by 63.
29
Calculate the remainder when 275 is divided by 4.
3
What is the remainder when 52 is divided by 6?
4
What is the remainder when 18 is divided by 6?
0
What is the remainder when 1053 is divided by 44?
41
Calculate the remainder when 1637 is divided by 61.
51
What is the remainder when 5179 is divided by 74?
73
What is the remainder when 829 is divided by 27?
19
What is the remainder when 186 is divided by 61?
3
What is the remainder when 248 is divided by 126?
122
Calculate the remainder when 3470 is divided by 864.
14
Calculate the remainder when 204 is divided by 198.
6
Calculate the remainder when 356 is divided by 45.
41
Calculate the remainder when 170 is divided by 43.
41
What is the remainder when 356 is divided by 6?
2
What is the remainder when 2476 is divided by 14?
12
What is the remainder when 79 is divided by 1?
0
Calculate the remainder when 68 is divided by 11.
2
What is the remainder when 1115 is divided by 36?
35
Calculate the remainder when 128 is divided by 26.
24
What is the remainder when 46 is divided by 22?
2
Calculate the remainder when 12931 is divided by 58.
55
What is the remainder when 111 is divided by 31?
18
Calculate the remainder when 459 is divided by 66.
63
Calculate the remainder when 1612 is divided by 77.
72
Calculate the remainder when 256 is divided by 101.
54
Calculate the remainder when 258 is divided by 256.
2
Calculate the remainder when 1571 is divided by 19.
13
Calculate the remainder when 148 is divided by 8.
4
Calculate the remainder when 11326 is divided by 192.
190
What is the remainder when 20474 is divided by 35?
34
Calculate the remainder when 2167 is divided by 8.
7
Calculate the remainder when 15981 is divided by 74.
71
What is the remainder when 5222 is divided by 79?
8
What is the remainder when 1011 is divided by 22?
21
What is the remainder when 3654 is divided by 30?
24
Calculate the remainder when 933 is divided by 39.
36
Calculate the remainder when 44 is divided by 3.
2
What is the remainder when 1145 is divided by 15?
5
What is the remainder when 5932 is divided by 18?
10
Calculate the remainder when 1674 is divided by 76.
2
